n(z) = 477*z + 6. Let m(j) = 7*d(j) + 4*n(j). What are the prime factors of m(2)?
11, 43
Let o = -1227 + 1314. Let j be ((-12)/9)/((-2)/15). Let u = j + o. What are the prime factors of u?
97
Let z(w) = -8*w**3 - 2*w**2 + w + 1. Let q be z(-7). Suppose u = -r + 2, -3*u + 7 = -2*r + 11. Suppose 12*g = -u*g + q. List the prime factors of g.
2, 5, 11
Suppose -3*f = -j + 29 + 4, 12 = -2*f + 4*j. List the prime factors of (0 - -123)/(2*f/(-160)).
2, 5, 41
Let o = -18 + 20. Suppose -887 = -o*p + 413. Suppose 0 = -4*c + 5*l + 730, 0 = -5*c - l + 248 + p. List the prime factors of c.
2, 3, 5
Let a(f) = 3*f**3 + 164*f**2 - 47*f + 17. What are the prime factors of a(-53)?
16553
Let d(y) = 1495*y**2 + 0 - 1496*y**2 - 11 + 25*y. Let a(w) = -8*w - 3. Let s be a(-2). What are the prime factors of d(s)?
5, 29
Suppose b + 2282 = 6*b + 3*k, 5*k = 2*b - 919. Suppose g + 0*g = -b. Let s = -271 - g. What are the prime factors of s?
2, 3, 31
Suppose -4*b = -36, -5*b = -7*r + 326961 - 97028. What are the prime factors of r?
2, 16427
Let q = -605 + 13010. What are the prime factors of q?
3, 5, 827
Let p = -15843 - -18554. What are the prime factors of p?
2711
What are the prime factors of 14 + 14294 + -20 + 5?
14293
Suppose -4*p = 79 - 79. Suppose p = 8*b - 15659 - 621. List the prime factors of b.
5, 11, 37
Let h(u) = 5435*u - 647. List the prime factors of h(2).
10223
List the prime factors of 17262*(-4)/(-8)*(-64)/(-24).
2, 3, 7, 137
Let j(s) be the second derivative of -s**4/3 - 9*s. Let r be j(1). List the prime factors of -1*6*6/r.
3
Suppose -32*m + 8*m = -135444 - 538788. What are the prime factors of m?
13, 2161
Suppose 1232*i - 2841859 = 1143*i. List the prime factors of i.
37, 863
Let o be (-6)/8*(-10)/15*10. Suppose -4*l + 604 = i, 3*l - l - 3020 = -o*i. What are the prime factors of i?
2, 151
Let n(y) = -93*y + 2. Let r be n(-7). Let u = r - 418. What are the prime factors of u?
5, 47
Suppose 0 = 37*f - 47*f + 172720. What are the prime factors of f?
2, 17, 127
What are the prime factors of (-1246440)/(-117)*36/20?
2, 3, 17, 47
Let o = -149 + 179. Let y(h) = -h**2. Let s be y(0). Suppose -5*c + 110 = 5*k, s = -5*k + c + o + 68. List the prime factors of k.
2, 5
Suppose -3*w - 12*l - 2722 = -11*l, -w + 3*l = 914. List the prime factors of 1/((-1)/w) - 1.
907
Let h(w) = -121*w + 54. Suppose 3*z = -5*x - 37, -57*x + 56*x = -5*z + 13. What are the prime factors of h(x)?
2, 7, 73
Let s(j) = 759*j**3 - 4*j**2 + 14*j - 2. List the prime factors of s(2).
2, 3041
Let t = 14247 + -1863. What are the prime factors of t?
2, 3, 43
Let s(k) = 282*k - 30. Let m be s(7). Suppose 2*p - m - 78 = 0. What are the prime factors of p?
3, 337
Suppose -11 + 60 = 7*x. Let z = -3 + x. Suppose -51 = 2*u - 4*p - 225, z = -2*p. What are the prime factors of u?
83
Suppose 0 = 9*j - 8*j - 4. Let z be ((2/(-2))/(-1))/(1/j). List the prime factors of (-1548)/(-30) - z/(-10).
2, 13
Let f(p) = -p**3 + 56*p**2 - 276*p + 55. What are the prime factors of f(45)?
2, 5, 991
Suppose 2*t + 2*t - 964 = 0. Suppose -2*q + 159 = -t. Let c = -126 + q. What are the prime factors of c?
2, 37
Suppose -3*b = 4*m - 14263, -24*b + 19009 = -20*b - 3*m. What are the prime factors of b?
7, 97
Let a(r) = 7 + 4 + 1 + 4*r + 0. Let w be a(-3). Suppose 5*s + 30 - 170 = w. List the prime factors of s.
2, 7
List the prime factors of (-1259725)/(-615) + 4/6.
3, 683
Let k(l) = 585*l**2 - 10*l - 22. List the prime factors of k(-3).
5273
Suppose 23*c - 1070 - 159631 = 0. What are the prime factors of c?
3, 17, 137
Suppose p - 18 = -n, 86 = 5*n - 3*p + 7*p. What are the prime factors of (-7)/n + 1 + (-1923)/(-6)?
3, 107
Let s = 66812 + -35744. List the prime factors of s.
2, 3, 863
Let l = 2954 + 4642. List the prime factors of l.
2, 3, 211
Suppose 7*g - 39 = 4*g. Let u be 2096/(-104) - (6/g)/(-3). List the prime factors of (11/4)/(4 - (-79)/u).
5, 11
Suppose 111877 = 15*u + 2*u. List the prime factors of u.
6581
Suppose -82*h + 57*h + 1680625 = 0. List the prime factors of h.
5, 2689
Let c(u) = -u**2 + u - 23. Let p be c(0). List the prime factors of (p + -3)/((30/(-99))/5).
3, 11, 13
Let v = 34773 - 33339. What are the prime factors of v?
2, 3, 239
Let p be 10/(-45) + -4 + (-1742)/18. Let x = p + 469. What are the prime factors of x?
2, 23
Let p = 68 + -30. Suppose -p*b = -39*b + 128. Suppose -5*q = b - 483. What are the prime factors of q?
71
Suppose 125*b + 613919 = 4353044. What are the prime factors of b?
3, 13, 59
Let v be -3 + 1 + (-8 - -9) + 5464. Suppose w = 5*h - 1300 - 4151, -5*h - 2*w + v = 0. What are the prime factors of h?
1091
Let y(u) = u**3 + 75*u**2 + 86*u + 891. Let x be y(-74). Let o = 12 - 17. What are the prime factors of (o/15)/(x/(-927))?
103
Let a be 12/36 + 296/3 + -2. Suppose 0 = -d - 438 - a. What are the prime factors of (0 + d/(-1))*(-8)/(-20)?
2, 107
Let t(x) = 22*x. Let n be t(-1). Let u(b) = -7*b - 47. Let z be u(n). Suppose -3*j + 4*i + 41 = -z, -150 = -3*j + 3*i. What are the prime factors of j?
2, 13
Let h = -241 + 754. Let j = h + -75. What are the prime factors of j?
2, 3, 73
Let a = 39 - 28. Suppose 5*j + 24 = -4*k, 0 = -0*j + 4*j - 5*k + a. What are the prime factors of (-2 - -4 - 6)*154/j?
2, 7, 11
Let n be 26/8 + 3/(-12). Let r = -5525 - -5528. List the prime factors of n/((-3)/(-86 + (r - 0))).
83
Let g(c) = c**3 - 5*c**2 + c - 5. Let z be g(5). Suppose 0*m - 3*m = 4*s - 24, 2*s - 4*m - 12 = z. Suppose -25 - 203 = -s*w. What are the prime factors of w?
2, 19
Let v(f) = -f**2 - 168*f - 7. Let d(b) = 3*b**2 + 169*b + 8. Let a(t) = -3*d(t) - 4*v(t). List the prime factors of a(33).
2
Let r(x) be the third derivative of -13*x**6/120 - x**4/24 + 8*x**3/3 + 25*x**2. Let w be r(-3). Let t = w - 237. What are the prime factors of t?
7, 19
Let i(d) = -225*d - 3413. What are the prime factors of i(-112)?
21787
Suppose -2*l = -5*a - 1072, -6 = -a + 4*a. What are the prime factors of l?
3, 59
Let d be 2*(-74)/(-52) - (-2)/13. Suppose -d*r = -4*f + 363, -118 - 148 = -3*f - 4*r. List the prime factors of f.
2, 3, 5
Suppose 21*x - 89670 = 93994 + 67391. What are the prime factors of x?
3, 5, 797
Let x be (2 + -2)/7*(-1)/(-2). What are the prime factors of (x - 1)*1100/(-10)?
2, 5, 11
What are the prime factors of (-1325)/((-3)/((-195)/25*-5))?
5, 13, 53
Let j(b) = 2*b + 32 - 35 - b. Let l be j(6). Suppose -4*a - 4*o = -36, -l*a = 3*o - 2*o - 37. What are the prime factors of a?
2, 7
Let n(h) = 124*h**3 - 39*h**2 + 5*h + 3. What are the prime factors of n(3)?
3, 5, 67
Suppose -57576 = -4*l + 4*m, -4973 = l + 4*m - 19332. What are the prime factors of l?
14387
Let a be (-4)/(-22)*32 - 2/(-11). Suppose a*s - 545 = s. What are the prime factors of s?
109
Let t(x) = 22*x - 71. Let r(n) = 4*n**2 - n - 4. Let j be r(-2). What are the prime factors of t(j)?
3, 79
Let f be 13*(-224)/8*20/8. Let q = 1184 + f. List the prime factors of q.
2, 137
Let k = 343 + -313. Suppose 469 = o - k. List the prime factors of o.
499
Suppose -3*z = 5*z. Suppose 5*o - 193 - 7 = z. List the prime factors of ((-156)/(-5))/(8/o).
2, 3, 13
Let a(s) = 4*s**3 - 44*s**2 + 10*s - 48. What are the prime factors of a(14)?
2, 13, 47
Suppose 0 = -15*s + 38079 + 1791. Suppose 5*n - k = 4*k + 4470, -3*n = 3*k - s. What are the prime factors of n?
2, 5, 89
Let t = -7724 + 32978. What are the prime factors of t?
2, 3, 23, 61
Let k be (-6)/(-10) + (-4 - 51/(-15)). Suppose -21*q + 17*q + 380 = k. Suppose -4*m + 3*m = -q. What are the prime factors of m?
5, 19
Let k = 113 + 10. Suppose k + 273 = 2*o. Suppose -4*i + 94 = -o. What are the prime factors of i?
73
What are the prime factors of (0 - 7) + 72644/11?
3, 733
List the prime factors of (-86)/((-3)/786*2).
2, 43, 131
Let f = -4152 - -9006. List the prime factors of f.
2, 3, 809
Let k be ((-42)/(-12))/(2/(-3852)*-3). Let s = k + -1426. List the prime factors of s.
821
Suppose 0 = -2*n - 5*g + 26, -2*g = n - 7 - 4. Let u(b) = 10*b**2 + 3. Let c(f) = -9*f**2 - 4. Let z(t) = n*u(t) + 2*c(t). List the prime factors of z(-3).
109
Suppose -24 = 2*z + 4*u, -2*z - 3*z - 5*u = 35. Let h be (-36)/(-96) + (-526526)/(-176). What are the prime factors of (h/51)/(z/(-6))?
2, 11
Let p = 1293 + 676. List the prime factors of p.
11, 179
Let l(q) = q**3 + 102*q**2 + 217*q - 777. What are the prime